t v(n) = n**3 - 155*n**2 + 1145*n - 16142. What is v(148)?
-10
Let n(h) = -h**3 + 67*h**2 - 6779*h + 56316. What is n(9)?
3
Let r(f) = -f**3 + 284*f**2 - 1080*f - 11. Give r(4).
149
Let j(z) = -90*z + 12975. Give j(156).
-1065
Let c(b) = -10*b**2 + 101*b + 999. What is c(17)?
-174
Let o(b) = -720*b - 36859. What is o(-53)?
1301
Let n(p) = 4*p**2 - 1051*p + 61131. Calculate n(176).
59
Let t(i) = 2*i**3 - 37*i**2 + 58*i + 62. Determine t(11).
-1115
Let p(b) = 6160*b - 240253. Determine p(39).
-13
Let x(v) = v**3 - 1356*v**2 + 249912*v + 1772. Give x(220).
12
Let l(z) = -z**2 - 71*z + 9657. Determine l(-139).
205
Let j(l) = -l**3 - 86*l**2 - 83*l + 397. Give j(-85).
227
Let r(h) = 3*h**2 - 3533*h - 116126. What is r(-32)?
2
Let d(m) = 1877*m**2 - 7493*m - 8. What is d(4)?
52
Let v(n) = 2*n**3 + 25*n**2 - 144*n - 1687. What is v(-13)?
16
Let f(p) = 135*p + 933. Give f(-11).
-552
Let y(d) = 2*d**2 + 93*d - 1238. Calculate y(11).
27
Let b(w) = 212*w**3 - 416*w + 824. Give b(2).
1688
Let c(a) = 485677*a - 2914058. Determine c(6).
4
Let p(v) = -3*v**3 - 2335*v**2 + 6208*v - 31247. What is p(-781)?
-7
Let t(y) = -2*y**3 + 6*y**2 + 9894*y + 58719. What is t(-6)?
3
Let w(q) = -q**3 + 99*q**2 - 2275*q + 223. Calculate w(36).
-29
Let a(s) = -245*s - 976. Give a(-4).
4
Let j(n) = 366*n - 53997. Give j(143).
-1659
Let p(y) = 2*y**2 - 270*y + 3117. Give p(117).
-1095
Let l(p) = -10*p**3 - 69*p**2 + 124*p - 2. Determine l(-9).
583
Let b(v) = -7*v**2 - 58*v + 2979. Determine b(24).
-2445
Let f(x) = -249*x - 103. Calculate f(3).
-850
Let h(w) = w**2 - 308*w + 22688. What is h(182)?
-244
Let h(g) = g**2 - 126938*g - 7365773. Calculate h(-58).
-5
Let v(f) = -20014*f - 20303. Calculate v(-1).
-289
Let d(n) = 27*n**3 + 369*n**2 - 127*n - 9. Give d(-14).
5
Let c(p) = 2*p**3 + 42*p**2 + 151*p + 3176. What is c(-21)?
5
Let s(g) = -45*g**2 + 801*g - 518. Calculate s(17).
94
Let t(g) = -41*g**2 - 98908*g + 98910. Determine t(1).
-39
Let i(u) = -2*u**2 - 720*u - 10768. What is i(-344)?
240
Let u(x) = -7*x**2 - 183*x + 111. Give u(-26).
137
Let m(a) = a**3 + 17*a**2 - 578*a - 73. What is m(-34)?
-73
Let f(r) = 52*r**3 + 780*r**2 + 106*r + 1605. Determine f(-15).
15
Let l(f) = -26*f**2 - 330*f - 401. What is l(-9)?
463
Let n(t) = -360*t**2 + 28435*t + 184. Calculate n(79).
-211
Let k(q) = -1132*q - 131342. What is k(-116)?
-30
Let s(f) = f**2 - 38856*f + 1397517. Calculate s(36).
-3
Let x(k) = 303*k**2 + 10912*k + 121. Calculate x(-36).
-23
Let y(f) = 183266*f - 366529. Give y(2).
3
Let n(s) = 47728*s - 47760. Give n(1).
-32
Let r(v) = -v**3 + 137*v**2 - 1448*v - 20891. Give r(124).
-555
Let j(h) = 2*h**3 + 1723*h**2 - 55335*h - 14. Calculate j(31).
-14
Let j(n) = -3*n**2 - 119*n + 8054. Give j(-76).
-230
Let y(h) = -2*h**3 + 18*h**2 + 2917*h + 24. Calculate y(43).
-277
Let x(k) = -297*k**2 - 408*k + 1170. What is x(3)?
-2727
Let b(c) = -487939*c + 6831150. Give b(14).
4
Let w(g) = 4*g**2 - 473*g + 8613. What is w(19)?
1070
Let y(q) = -258*q - 1215. Determine y(-4).
-183
Let g(u) = -6041*u + 60345. Calculate g(10).
-65
Let g(a) = -367*a**2 + 114*a + 114. Determine g(-1).
-367
Let i(w) = -w**3 - 35*w**2 + 313*w + 798. Calculate i(-42).
0
Let i(y) = -279*y - 21224. Calculate i(-76).
-20
Let p(d) = -6595*d**2 + 184663*d + 16. Determine p(28).
100
Let t(l) = 188*l - 9683. Give t(62).
1973
Let n(l) = 28*l**3 + 2*l**2 + 16*l + 33. Calculate n(-2).
-215
Let g(w) = w**3 - 7*w**2 - 4*w - 267. What is g(10)?
-7
Let i(u) = 3*u**2 + 83358*u + 1998855. Calculate i(-24).
-9
Let x(d) = -d**3 + 173*d**2 + 2007*d + 3136. Give x(184).
8
Let z(t) = -t**3 - 734*t**2 + 150466*t - 912. Give z(-901).
-11
Let y(k) = 2857*k - 119983. Give y(42).
11
Let g(b) = 277*b + 16060. Determine g(-59).
-283
Let l(z) = -16515*z - 99115. What is l(-6)?
-25
Let r(h) = 2*h**3 - 48*h**2 - 26*h + 1109. Give r(25).
1709
Let r(j) = 177*j**2 - 4067*j - 66. Calculate r(23).
26
Let x(l) = -22*l**2 - 1148*l - 7099. Give x(-45).
11
Let q(c) = 4*c**2 + 98*c + 847. Determine q(-14).
259
Let h(i) = -3*i**2 + 12*i + 2530. Give h(-31).
-725
Let x(w) = 7*w**3 + 1726*w**2 - 27457*w - 121. What is x(15)?
-1
Let u(b) = 3*b**3 + 12*b**2 + 357. What is u(-8)?
-411
Let y(q) = 130*q**2 - 589*q + 181. Determine y(5).
486
Let z(r) = -4*r**2 + 516*r - 2395. Give z(124).
85
Let q(v) = -1382*v**2 - 52*v + 4. Give q(-1).
-1326
Let l(y) = 1000*y + 15791. Determine l(-14).
1791
Let a(d) = 3*d**2 + 110*d - 14354. What is a(-90)?
46
Let r(x) = -26*x**2 + 12492*x - 5536. Calculate r(480).
224
Let g(a) = 23*a**3 + 56*a**2 - 16*a - 52. Determine g(-1).
-3
Let o(q) = -24*q**2 - 3129*q - 18968. Calculate o(-124).
4
Let a(m) = 28134*m - 84424. Determine a(3).
-22
Let k(x) = 2790*x + 108562. Give k(-39).
-248
Let o(k) = -3*k**2 + 145*k - 471. Give o(45).
-21
Let g(a) = 2*a**2 - 3921*a + 1921478. What is g(968)?
-2
Let v(t) = -49*t**3 + 5*t**2 + 3*t - 15. Determine v(-2).
391
Let u(s) = -2*s**3 - 36*s**2 - 141*s - 1534. Determine u(-19).
1867
Let d(y) = 2*y**2 - 205*y - 17019. What is d(158)?
519
Let i(z) = 96783*z - 1161393. Determine i(12).
3
Let i(b) = b**3 - 158*b**2 + 1272*b + 10372. Determine i(149).
91
Let b(h) = 2*h**3 - 177*h**2 + 29*h + 3119. What is b(88)?
-2073
Let f(i) = -i**3 + 158*i - 22. Determine f(12).
146
Let u(y) = -y**3 + 16*y**2 - 54*y + 48. Give u(10).
108
Let z(q) = q**3 - 189*q**2 + 711*q - 1759. Give z(185).
-7124
Let x(t) = -101*t**2 - 15003*t - 15003. Give x(-1).
-101
Let b(o) = -314*o - 8864. Calculate b(-25).
-1014
Let o(k) = -3188*k + 235914. What is o(74)?
2
Let q(w) = -25*w**2 - 1079*w - 877. Calculate q(-42).
341
Let l(q) = -3128*q + 710078. Give l(227).
22
Let x(b) = 2*b**3 - 60*b**2 + 23*b - 111. What is x(29)?
-1126
Let i(j) = 16343*j + 98021. Determine i(-6).
-37
Let q(b) = -4751*b - 23756. Give q(-5).
-1
Let g(k) = -2*k**2 + 2722*k + 1846851. Give g(-497).
-1
Let m(z) = -2*z**2 + 254073*z - 50481327. What is m(199)?
-2
Let j(n) = -3*n**3 - 110*n**2 + 113*n - 1245. What is j(-38)?
237
Let w(y) = 2*y**3 + 1209*y**2 + 4800*y - 26. What is w(-4)?
-10
Let m(z) = 3*z**2 - 396*z - 5002. Calculate m(144).
182
Let q(c) = -5487*c + 428078. Give q(78).
92
Let n(u) = 12278*u - 19. What is n(0)?
-19
Let t(x) = -x**3 + 65*x**2 + 3585*x - 3. What is t(-36)?
1833
Let h(y) = 2*y**2 - 21*y + 177. What is h(-21)?
1500
Let y(m) = 3103*m + 52778. What is y(-17)?
27
Let g(z) = -13*z**3 - 124*z**2 - 61*z - 80. Calculate g(-8).
-872
Let r(j) = 8972*j + 53034. What is r(-6)?
-798
Let i(a) = -15*a**2 - 1016*a - 326. Calculate i(-67).
411
Let u(t) = -5095*t + 453488. What is u(89)?
33
Let z(c) = -1428763*c - 1428773. What is z(-1)?
-10
Let d(q) = -q**3 + 4*q**2 - 13*q + 7. Give d(6).
-143
Let n(j) = 421*j - 9281. Determine n(22).
-19
Let m(y) = -y**3 - 69*y**2 + 16*y + 1492. Calculate m(-69).
388
Let a(j) = -1166*j + 27618. Give a(26).
-2698
Let o(g) = 5*g**3 + 55*g**2 - 9*g - 50. Determine o(-11).
49
Let k(x) = x**3 - 256*x**2 + 8107*x - 978. Give k(219).
-102
Let m(u) = -u**3 - 18*u**2 - 93*u - 459. What is m(-14)?
59
Let v(p) = -2*p**2 - 3551*p - 457949. What is v(-140)?
-9
Let r(j) = 5*j**3 - 294*j**2 - 39544*j + 7502. Give r(123).
-1
Let g(l) = -115382*l - 115356. Calculate g(-1).
26
Let t(u) = 5*u**3 - 40*u**2 - 266*u + 1906. Determine t(9).
-83
Let h(a) = a**3 - 15*a**2 + 513*a - 6985. Give h(14).
1
Let s(v) = -5*v**2 + 966*v + 4946. Calculate s(-5).
-9
Let b(z) = 793*z - 4362. Give b(4).
-1190
Let u(h) = 24*h**2 - 293*h + 811. What is u(8)?
3
Let a(d) = 7321*d + 73033. Give a(-10).
-177
Let g(b) = b**3 - 237*b**2 + 242*b - 1429. What is g(236)?
-13
Let l(p) = p**2 + 94*p - 657. What is l(38)?
4359
Let x(s) = 25*s - 595. Calculate x(27).
80
Let r(i) = -i**3 + 52*i**2 + 217*i - 356. Determine r(56).
-748
Let x(y) = -692*y + 15488. What is x(28)?
-3888
Let n(g) = -22*g**3 - 223*g**2 - 4*g - 141. What is n(-11)?
2202
Let q(i) = -i**3 + 19*i**2 - 216*i - 34. What is q(10)?
-1294
Let v(l) = -833*l - 7327. Give v(-9).
170
Let b(t) = -8*t**2 + 17*t + 6252. Give b(29).
17
Let l(a) = 113690*a + 1023210. Calculate l(-9).
0
Let r(i) = 126*i - 21610. What is r(176)?
566
Let c(m) = m**3 - 592*m**2 - 6034*m - 69. Determine c(-10).
71
Let p(l) = -3*l**3 + 5556*l**2 - 27719*l + 25841. Determine p(1847).
-17
Let v(n) = -292*n**3 + 9*n**2 + 8*n +